on divisor of k and b.
8
Suppose m + 5 - 15 = 0. Let a = m - 5. What is the greatest common factor of a and 20?
5
Let c = 14 - 8. Let b be (3*4)/(8/12). What is the greatest common factor of c and b?
6
Suppose -d + 131 + 190 = 0. Suppose -3*w + 438 + d = 0. Suppose 0 = -5*o - 33 + w. What is the highest common divisor of 4 and o?
4
Let j(t) = 11*t + 7. Let m be j(1). What is the greatest common divisor of 162 and m?
18
Let s(n) = n**3 + 7*n**2 + 4*n. Let w be s(-5). Let d be 0 + 0/(-3) + w. Calculate the greatest common factor of d and 45.
15
Let x = -191 - -124. Let z = 116 + x. Let t = z - 35. Calculate the greatest common factor of 2 and t.
2
Let f be 3 - (1 + 1 - 2). Suppose -q + 3 = 9. Let n be (-9)/(1/(4/q)). What is the highest common factor of n and f?
3
Suppose 2*u = 0, -4*f + 65 = u - 139. Let t = -80 + 114. What is the greatest common divisor of f and t?
17
Let x be ((-8)/(-10))/(10/625). Let k(g) = g + 5. Let h be k(-6). Let p be h*1 + 2 + 19. What is the highest common factor of x and p?
10
Suppose -5*f + 6*f - 1 = 0. Let t be 3*5 + (f - 1). Let z be (-8)/52 - 392/(-13). Calculate the highest common factor of t and z.
15
Suppose 3*s + 16 = 7*s. Suppose 2*w - 275 = -3*x, -s*w + 1 = -3. What is the greatest common divisor of x and 13?
13
Let h be (-42)/(0 - 3) + -4. Calculate the greatest common factor of 110 and h.
10
Let m(z) = 5*z**3 + z**2 + z - 1. Let p be m(1). Let r = -10 + 25. What is the highest common divisor of p and r?
3
Suppose 4*j = -2*j + 288. What is the highest common factor of 168 and j?
24
Let i be (9/(-4))/(3/(-12)). Let v = 2 + 7. Let b be v/(-6)*(-4)/1. Calculate the highest common factor of b and i.
3
Suppose -4*b = -0*b - 16. Suppose -5*f = 84 - 134. What is the greatest common divisor of b and f?
2
Let x be -2 + 1 - 4/2. Let g be -40 + x - (-1 + 2). Let v = 62 + g. What is the highest common factor of 27 and v?
9
Let j be 59/118 - (11/(-2) - 1). Calculate the greatest common divisor of 63 and j.
7
Let y be (-4)/(-12)*30/1. Let d(p) = 4*p + 23. Let z be d(y). What is the greatest common divisor of z and 42?
21
Let n(d) = 2*d**2 - 5*d. Let p(q) = -q**3 - 8*q**2 - 2*q - 11. Let t be p(-8). Let m be n(t). Let y = -5 + 10. What is the highest common divisor of m and y?
5
Let i be 196/21*1*3. Suppose 3 = r - 1. Calculate the highest common divisor of r and i.
4
Let j be ((-1)/(-2))/((-7)/(-700)). Calculate the greatest common divisor of 10 and j.
10
Suppose -5*w - 28 = -y, -4*y = 4*w - 26 - 38. Suppose -2*c = -3*l + 79, -5*l - c = -2*c - 134. Calculate the highest common divisor of l and y.
9
Suppose 0*n + 96 = 2*n. Suppose 2*m - 2 = -0*m. Let i be (m + 2)*(-32)/(-6). Calculate the greatest common factor of n and i.
16
Let x be 0 + 2 - (-6 - -9). Let c = 19 - x. What is the greatest common factor of 4 and c?
4
Let j(q) = q - 18. Let v be j(8). Let m = -6 - v. Let u be (-2205)/(-27) - m/6. Calculate the highest common factor of 9 and u.
9
Suppose 0 = 5*j - 71 - 134. Calculate the highest common divisor of j and 41.
41
Let c(v) = v**3 - v**2 - 3*v + 3. Let t be c(3). Suppose -40 - 26 = 3*l. Let m = -16 - l. Calculate the highest common factor of m and t.
6
Let v(m) be the first derivative of 2*m**3/3 - 5*m**2/2 - 2. Let n be v(4). Let u be 3*7 - (-4 - -1). What is the greatest common divisor of u and n?
12
Let x(m) = 10*m**3 + 2*m**2 - 2*m + 1. Let t be x(1). Let h = -157 - -278. Calculate the greatest common factor of h and t.
11
Suppose -2*v = -0*v - 2, -645 = -5*z - 5*v. Calculate the greatest common divisor of 32 and z.
32
Let w = 93 + -91. Let p(z) = -17*z**3 - 5*z**2 + 0 + 4*z**2 - 1 - z. Let g be p(-1). Calculate the highest common factor of w and g.
2
Let z = -49370 - -32354. Let h be z/(-18) + 1/(-3). Suppose -2*u = 7*s - 2*s - h, 0 = 5*u - 25. What is the highest common divisor of 17 and s?
17
Suppose -y + 5 = -5*a, -3*y + 17 = 4*a - 17. Let q be 0/1*5/y. Suppose v - 5*v + 92 = q. What is the highest common divisor of 207 and v?
23
Suppose 2*i + 13 = i - 4*u, -15 = 5*u. Let z = i - -1. Suppose 5 = x - z. Calculate the greatest common divisor of 2 and x.
1
Let h(n) = -17 + 0*n + 7*n + 19 + 0*n - n**2. Let u be h(6). Let p = -24 - -48. What is the highest common factor of p and u?
8
Suppose 3*s = 337 - 121. Suppose 5*u = -d + 29, -4*d - u + 124 = 27. Calculate the highest common divisor of s and d.
24
Let c = 305 - 185. Calculate the greatest common factor of 15 and c.
15
Suppose -4*m = -215 + 47. Calculate the greatest common divisor of 84 and m.
42
Suppose 2*j = 16 + 12. What is the highest common factor of 28 and j?
14
Let k = -1 + -3. Let m be (k/8)/((-1)/2). What is the highest common factor of m and 2?
1
Let z(s) = -s**2 - 12*s - 21. Let b be z(-7). What is the highest common factor of b and 154?
14
Let j = -9 + 1. Let m be 15 - 4*(-4)/j. What is the highest common divisor of m and 13?
13
Let o(r) = 5*r + 1. Let g be o(11). Calculate the greatest common factor of 7 and g.
7
Let q be 1*-4 - 154/(-11). Calculate the greatest common divisor of 20 and q.
10
Let x be 2/3*(-30)/(-4). Suppose 0*h = x*h - 100. Suppose -5*u + h = 0, u + 99 = 3*s + 13. What is the highest common divisor of s and 75?
15
Let u be 33/9 - 2/(-6). Calculate the highest common factor of u and 8.
4
Let k = 5 - -17. What is the greatest common divisor of 2 and k?
2
Suppose d - 18 = -0*d. Suppose b - 40 - 5 = 0. Calculate the greatest common divisor of b and d.
9
Suppose 2*o = 5*d - 0*o - 58, -5*d + 55 = -5*o. What is the highest common divisor of d and 84?
12
Suppose 0*c - 2*y = -5*c + 290, 3*y + 127 = 2*c. What is the highest common factor of c and 7?
7
Let l = -238 + 363. Suppose -2*d - l = -7*d. What is the greatest common divisor of 10 and d?
5
Suppose 0 = -b - 5*n - 12, -40 = -5*b + 3*n - 8*n. What is the greatest common divisor of b and 143?
13
Let f be (3 - (-21)/(-3)) + 20. Let w = -2 + 6. Suppose x - w = 2*q, 3*x - 4*x + f = 2*q. Calculate the greatest common divisor of x and 15.
5
Let z(n) be the second derivative of n**3/6 + 2*n**2 - n. Let j be z(7). Suppose -r + j = -i - 7, -5*i = r + 6. What is the highest common divisor of 42 and r?
14
Let q = 281 + -138. What is the greatest common divisor of q and 11?
11
Let t = -3 - -113. Calculate the greatest common divisor of t and 22.
22
Let t = 89 - 61. Calculate the greatest common divisor of t and 14.
14
Let c be (-1)/(3 - 51/18). Let v be (-16 - 2)*c/12. Let a(l) = -l**2 - 5*l + 1. Let j be a(-5). What is the greatest common factor of j and v?
1
Suppose 2*n = -2 + 8. Suppose n*c = 4*h + 48, 11 = -2*c + 5*h + 36. What is the highest common divisor of c and 5?
5
Let m = 105 + -1. What is the greatest common divisor of m and 26?
26
Suppose 0 = -l + 3 - 0. Let r(j) = j**3 + 11*j**2 - 12*j + 3. Let i be r(-12). Let t = i + l. What is the greatest common factor of t and 12?
6
Suppose -3*c = -2*c - 21. Let k = -4 - -25. What is the greatest common divisor of c and k?
21
Suppose 0*j - 2*j + 36 = 4*c, -2*c + 5*j = -18. What is the highest common factor of c and 1?
1
Let n(j) = -j + 14. Let x(u) = 2*u**2 - u. Let l be x(2). Let z be n(l). What is the highest common divisor of z and 40?
8
Let z be (-11 - 7)*1/(-2). Calculate the highest common divisor of 36 and z.
9
Suppose 0 = f - 2*p - 23 - 1, 0 = 4*f - 3*p - 81. What is the greatest common factor of 6 and f?
6
Suppose 1 = 4*b - 11. Let v be 555/(b/1) - -2. Calculate the highest common factor of 17 and v.
17
Let p(o) = o - 7. Let x be p(7). Suppose -4*f = -x*f - 384. What is the highest common factor of 12 and f?
12
Suppose 0*q = -14*q + 504. What is the highest common factor of 54 and q?
18
Let g(v) = v**3 + 9*v**2 + 2. Let z be g(-9). Let d be 30/z*11/3. Calculate the highest common divisor of 5 and d.
5
Let w be ((-10)/2)/((-14)/140). Calculate the greatest common factor of w and 75.
25
Let z(b) = -6*b - 7. Let g be z(-5). Calculate the greatest common factor of g and 92.
23
Suppose 7*v = 3*v - 172. Let l = 100 + v. What is the highest common divisor of 19 and l?
19
Let g(h) = 3*h**2 + 15*h + 38. Let o be g(-7). What is the highest common factor of 60 and o?
20
Let k be 6/2 - (-13 - -11). Calculate the highest common divisor of k and 5.
5
Let h(u) = u**2 + 4*u - 9. Let v(d) = -2*d + 9. Let i be v(9). Let x be h(i). What is the h